409?
293
Calculate the highest common divisor of 116655350 and 24885.
2765
What is the highest common factor of 110406132 and 3132?
3132
What is the greatest common factor of 696110 and 123065?
755
What is the highest common divisor of 144441888 and 2628?
876
What is the greatest common factor of 73494 and 843966?
54
Calculate the greatest common factor of 571705100 and 892.
892
Calculate the greatest common divisor of 2686156 and 176.
44
What is the highest common factor of 408 and 1296888?
24
What is the greatest common divisor of 3012145 and 374?
17
What is the greatest common factor of 308957 and 44?
11
What is the highest common factor of 208430068 and 924?
308
Calculate the highest common factor of 74 and 643934199.
37
What is the highest common factor of 7136 and 751791872?
7136
What is the greatest common divisor of 4202675 and 100?
25
Calculate the highest common factor of 6540 and 65126955.
1635
What is the highest common factor of 108680 and 1124552?
1144
What is the highest common divisor of 29973 and 639463964?
9991
Calculate the highest common divisor of 703 and 2991683.
19
What is the highest common factor of 1875 and 130125?
375
Calculate the highest common divisor of 8201 and 17097197.
59
Calculate the greatest common divisor of 273 and 6895070.
91
What is the greatest common factor of 86700 and 71357500?
1700
What is the highest common divisor of 14714 and 140658?
14
What is the greatest common factor of 157271075 and 12350?
6175
Calculate the highest common factor of 4259879 and 79547.
2743
What is the greatest common divisor of 3120 and 42797820?
780
Calculate the greatest common divisor of 2098156 and 1464.
244
What is the greatest common factor of 253700 and 31390?
430
Calculate the highest common factor of 342 and 11343.
57
What is the highest common factor of 1256 and 7445?
1
What is the greatest common divisor of 31568244 and 8270?
1654
What is the greatest common divisor of 127236 and 5658?
138
What is the greatest common divisor of 1318 and 16513881?
659
Calculate the greatest common divisor of 40853125 and 769.
769
What is the greatest common factor of 1630 and 27768710?
10
What is the greatest common factor of 9195 and 5217243?
1839
What is the greatest common factor of 85600 and 154738050?
5350
What is the greatest common divisor of 209 and 480757?
19
What is the greatest common factor of 4770 and 3530595?
795
Calculate the highest common factor of 2380797 and 8136.
1017
Calculate the highest common factor of 5457 and 88383.
51
What is the greatest common divisor of 605 and 29089247?
121
Calculate the greatest common factor of 494 and 112636082.
26
Calculate the greatest common divisor of 298438052 and 99.
11
Calculate the greatest common factor of 15968885 and 122.
61
What is the greatest common factor of 11444 and 110826557?
2861
What is the greatest common divisor of 500 and 6953250?
250
Calculate the highest common factor of 14342 and 11635402.
202
Calculate the greatest common divisor of 55443 and 4218.
3
What is the highest common divisor of 165174 and 930?
6
Calculate the highest common factor of 484601 and 208.
13
Calculate the greatest common factor of 918465 and 80.
5
What is the greatest common factor of 82542278 and 7287?
2429
What is the highest common divisor of 452550 and 97650?
1050
What is the greatest common divisor of 682891 and 3993?
11
Calculate the highest common divisor of 96525 and 6797175.
825
Calculate the greatest common factor of 2584 and 8798197.
323
What is the greatest common divisor of 2316576 and 32037?
177
What is the greatest common factor of 17508 and 241877397?
4377
Calculate the greatest common divisor of 2561438 and 205524.
3806
What is the highest common factor of 2283769 and 193?
193
What is the greatest common factor of 5936151 and 171?
57
What is the highest common divisor of 945684 and 890748?
3924
What is the greatest common divisor of 183885 and 9867?
897
What is the greatest common factor of 6616 and 60308?
4
Calculate the highest common factor of 52130 and 3603288.
26
What is the greatest common factor of 1252 and 166632436?
1252
Calculate the greatest common factor of 3612 and 1788.
12
What is the greatest common factor of 402 and 6691826?
134
What is the highest common factor of 13 and 59447128?
13
Calculate the highest common factor of 448673 and 2045.
409
Calculate the greatest common divisor of 773 and 5213112.
773
What is the highest common divisor of 35297 and 40174745?
751
Calculate the highest common factor of 357977072 and 59.
59
What is the highest common divisor of 92 and 6070988?
92
Calculate the greatest common divisor of 33487324 and 904.
452
What is the greatest common factor of 77445474 and 246?
246
Calculate the greatest common factor of 38025 and 143.
13
Calculate the highest common factor of 48545835 and 58881.
3099
Calculate the greatest common factor of 4472 and 227420.
4
Calculate the highest common divisor of 27 and 11271177.
27
Calculate the highest common factor of 126 and 3604674.
6
Calculate the highest common factor of 763730400 and 1784.
1784
What is the highest common divisor of 143524704 and 17568?
5856
Calculate the greatest common factor of 22 and 1504778.
22
What is the greatest common factor of 253 and 124767236?
11
Calculate the highest common factor of 66363 and 61809.
33
Calculate the greatest common divisor of 162 and 350974242.
54
Calculate the highest common factor of 196 and 1122772.
28
What is the highest common divisor of 273174 and 7227?
33
Calculate the greatest common divisor of 5044176 and 153.
9
What is the highest common divisor of 313310 and 27540?
170
Calculate the greatest common divisor of 276355 and 303145.
95
Calculate the highest common divisor of 35861750 and 2750.
250
What is the highest common divisor of 1092765 and 1063680?
4155
Calculate the highest common divisor of 28 and 224275443.
7
Calculate the highest common factor of 370944 and 316227.
69
Calculate the highest common divisor of 44 and 2740184898.
22
What is the highest common factor of 1310 and 1750684?
262
Calculate the greatest common factor of 9784998 and 36.
18
What is the greatest common divisor of 640 and 144168000?
320
What is the greatest common factor of 142323605 and 15?
5
What is the highest common factor of 1156449 and 5145?
147
Calculate the greatest common divisor of 710607 and 3681.
3
What is the highest common factor of 60360946 and 2094?
698
What is the highest common divisor of 81699 and 77631?
339
What is the greatest common factor of 349454772 and 9?
9
What is the highest common divisor of 310 and 6925865?
155
What is the highest common divisor of 5263 and 94411?
19
What is the greatest common factor of 17920 and 5347840?
2560
What is the greatest common divisor of 32 and 42106400?
32
Calculate the highest common divisor of 115 and 59060435.
115
Calculate the highest common factor of 324569240 and 314.
314
Calculate the highest common factor of 64408 and 274232.
664
Calculate the greatest common divisor of 2361 and 33744.
3
What is the highest common divisor of 5258220 and 930?
930
What is the greatest common divisor of 115463 and 15352?
19
Calculate the greatest common divisor of 340141 and 430273.
1073
What is the greatest common factor of 2107 and 59258003?
49
Calculate the highest common factor of 2086966 and 168.
14
Calculate the greatest common factor of 10175971 and 67483.
2327
Calculate the highest common factor of 9512 and 20309309.
1189
What is the highest common divisor of 99 and 66869?
11
Calculate the greatest common divisor of 16166405 and 34.
17
What is the greatest common divisor of 562 and 202929208?
562
What is the highest common divisor of 2224010 and 30?
10
What is the highest common factor of 15340358 and 68?
34
What is the highest common factor of 27880 and 8123576?
328
Calculate the greatest common divisor of 115843 and 4223345.
469
What is the highest common divisor of 78 and 44590689?
39
What is the highest common factor of 688 and 11614816?
688
Calculate the highest common factor of 959 and 109758509.
959
What is the highest common factor of 339958 and 18090?
134
Calculate the highest common divisor of 436 and 112972.
4
Calculate the greatest common divisor of 33 and 47668412.
11
What is the great